 (-99)/(-6) + p/4.
17
Let v(y) = y**2 + y. Let i(d) = d**3 - d**2 - 5*d + 2. Let z(k) = -i(k) + 4*v(k). List the prime factors of z(6).
2
Let u(r) = -13*r - 9. List the prime factors of u(-4).
43
Let w = -46 - -226. What are the prime factors of w?
2, 3, 5
Suppose 17 = -n - 3. Let h be (-201)/(-15) - (-8)/n. Suppose -59 + h = -2*x. List the prime factors of x.
23
Suppose 4*o - 26 - 5 = -z, 2*o - 29 = -z. Let k = 6 - z. Let n = k + 35. What are the prime factors of n?
2, 7
Let d(o) = 2*o - 2. Let n be -1 - -8 - 0/1. Let u be d(n). Suppose 2*c = -5*k + 24, -3*k - 2*c = -4*k + u. List the prime factors of k.
2, 3
Suppose o = s + 3*o - 6, -5*s = -4*o - 72. What are the prime factors of (-2)/6 - (-196)/s?
2
What are the prime factors of ((-15)/(-9))/((-1)/(-6))?
2, 5
List the prime factors of 3*30*4/9.
2, 5
Suppose 3 - 108 = -3*a. What are the prime factors of a?
5, 7
Let i = 10 - 10. Let j = -5 + 10. List the prime factors of j - (2 - (i + 0)).
3
Suppose -2*f = -j - 282, 2*j - 4 = -0. What are the prime factors of f?
2, 71
List the prime factors of (-4 - 1/(-1)) + 33.
2, 3, 5
Let m = 135 - -16. Let h = m + -107. List the prime factors of h.
2, 11
Suppose 9*h - 7*h = 320. List the prime factors of h.
2, 5
Suppose 3*x - 94 = -4*a, 0*a + a = -4*x + 121. Let b = x + -19. What are the prime factors of b?
11
Let w = -51 + 103. What are the prime factors of w?
2, 13
Suppose -2*w - 4*d + 18 = -w, -5*d + 15 = 0. Let p = -3 + w. What are the prime factors of p?
3
List the prime factors of (-1 - 36)*(7 - 8).
37
Let s = 49 - 9. List the prime factors of s.
2, 5
Suppose 2*c + 21 = 5*q, 2*q = -2*c - 4 + 18. What are the prime factors of 2 + 4*c/4?
2
Let p(w) = 4*w**2 + 6*w + 6. What are the prime factors of p(-4)?
2, 23
Suppose 2*p = 3*s - 8, 3*s = 5*p + 4*s + 54. Let g = -7 - p. Suppose -g*d - k = -11, 7 = 3*d + 2*k - 0. What are the prime factors of d?
5
Let a = -1 - -2. Let q be a*(-1)/(-1)*-2. List the prime factors of 1 + q + 2 + 10.
11
Let i be (-4)/(-10) - (-2)/(-5). Suppose h = 3*q - 40, -2*h + i*h = 8. List the prime factors of q.
2, 3
Suppose 3*s - 5*j + 36 = 4*s, 5*s + 3*j = 70. What are the prime factors of s?
11
Let w be ((24/3)/(-2))/1. List the prime factors of (-2)/8 + (-53)/w.
13
Suppose 2*t - 8 = 114. List the prime factors of t.
61
Suppose -8*b = -3*b - 95. Suppose -3*l - 5*q + 19 = 0, 3*q - 5*q = 5*l - b. List the prime factors of l.
3
Let s(y) = -y**3 + 4*y**2. Let n be s(4). Suppose -3*x + n*x - 72 = 0. Let z = -15 - x. What are the prime factors of z?
3
Let x(t) = -t**3 + 3*t**2 + t - 3. Let u be x(3). Suppose 0*j - 4*j + 60 = u. Let w = 27 - j. List the prime factors of w.
2, 3
Let k(w) = -w + 15. Let a(f) = -7. Let r(q) = -5*a(q) - 3*k(q). List the prime factors of r(4).
2
Let n(z) = 3*z**2 + 6*z + 1. Let j be n(-4). Suppose -j + 6 = -o. What are the prime factors of o?
19
Let l = 4 + -2. Suppose 4*x - l*u - 38 = 0, 5*x + 0*u - 65 = -u. List the prime factors of x.
2, 3
Let r = -4 - -2. Let o(w) be the first derivative of 2*w**3/3 - w**2/2 + 2*w + 1. What are the prime factors of o(r)?
2, 3
Let b = -61 - -115. What are the prime factors of b?
2, 3
Let r be -3 - -2 - -3 - 3. What are the prime factors of 30 + (r - 0) + 0?
29
Let j = -142 - -225. List the prime factors of j.
83
Suppose -5*t + t = -108. Suppose 0 = -2*k - 2*k + 3*r - t, -2*k - 31 = -5*r. Let d = 6 + k. List the prime factors of d.
3
Let d = 1 + 1. List the prime factors of ((-1)/d)/(1/(-26)).
13
Suppose 0 = -d - 10 + 41. What are the prime factors of d?
31
Let b be (-4)/10 - 8/5. Let i be (-5)/b*84/10. Let f = 30 - i. List the prime factors of f.
3
Let o(i) be the first derivative of -23*i**2/2 - 6. What are the prime factors of o(-1)?
23
Let t(u) = u**3 - 7*u**2 + 10*u - 9. Let h be t(6). Suppose b - 19 = 2*z, b - 18 - 4 = z. What are the prime factors of b*(-3)/(h/(-2))?
2, 5
Let x be -12 - -16 - (0 + -2). List the prime factors of 45/x*4/3.
2, 5
Suppose 3*q + 0 + 7 = -u, -u + 2*q = -8. Let v = 5 - u. Suppose v*l = -l + 36. What are the prime factors of l?
3
Suppose -g - 3*j + 8 = 0, -2*j = -3*g - 4*j + 3. List the prime factors of (g/1)/((-3)/18).
2, 3
Let o(y) = -y + 1. Let m be o(-5). Suppose 2*x = 5*x - m. Suppose -15 = x*c - 35. List the prime factors of c.
2, 5
Let m be ((-6)/(-24))/(2/8). List the prime factors of -17*(1 + -1 - m).
17
Let k(f) = -f**3 + 14*f**2 + 9*f - 18. What are the prime factors of k(14)?
2, 3
Let s = 6 + -10. Let f be (-60)/(-14) - s/(-14). List the prime factors of (14/3)/(f/6).
7
Suppose 0*y = 4*y - 28. Let h(c) be the first derivative of c**3/3 - 7*c**2/2 + 7*c + 3. List the prime factors of h(y).
7
Suppose -h + 14 = 5*n, -3*h - 5*n + 22 = -0*n. Suppose 4*g - 12 = -h*a, 0 = -g + 5*a + 1 + 8. List the prime factors of g.
2
Let a(y) be the second derivative of -y**5/120 - y**4/24 + y**3/6 - 2*y. Let v(x) be the second derivative of a(x). List the prime factors of v(-6).
5
List the prime factors of (6/(-15))/((-4)/180).
2, 3
Suppose -o = x + 2*x, -3*o = -x. Suppose o = -5*s + 2*s + 3*z + 66, -12 = 4*z. What are the prime factors of s?
19
Suppose 48 = 3*h + 4*i, -2*h - 6*i + 39 = -i. Let q = 39 - h. List the prime factors of q.
3
Suppose 1246 = 105*a - 98*a. List the prime factors of a.
2, 89
Suppose -5*u - 4 - 11 = 0. Let y be 10*(6/4)/u. Let l = y - -10. List the prime factors of l.
5
Suppose -3*j = -6*j + 12. Let p(x) = -x**3 - 4*x**2 + 3*x + 2. Let d be p(-6). Suppose -j*s + d = -28. What are the prime factors of s?
3, 7
What are the prime factors of 1 - -1 - -2*236/8?
61
Let k be ((-2)/(-2))/(2/4). Let s = k + -3. List the prime factors of 20/(-2 + 3 - s).
2, 5
Let z = -13 - -16. Suppose -4*a + 3 = -5. Suppose -31 = -z*i - a*j, -5*j = 1 + 4. What are the prime factors of i?
11
Suppose 4*u + 1 = 49. List the prime factors of u.
2, 3
What are the prime factors of 36/(-306) + 1126/34?
3, 11
Let o(g) = -g**3 + 6*g**2 + 8*g + 10. What are the prime factors of o(7)?
17
Let u(b) = 47*b**2 + 8*b + 7. What are the prime factors of u(-1)?
2, 23
Suppose 0*j = -j + 3. Suppose x + i - 4*i - 12 = 0, 20 = j*x - i. List the prime factors of x.
2, 3
Let p(f) = 3*f + 47. What are the prime factors of p(10)?
7, 11
Suppose 4*m = b + 15, -5*m + 0*b = 5*b - 25. Suppose -11 = -m*q + 117. List the prime factors of q.
2
Suppose -4*u = 2 - 10. Suppose -u*g - 12 = -6*g. Suppose -2 - 31 = -g*w. List the prime factors of w.
11
Suppose 7*c - 4*c + 4*n - 86 = 0, 162 = 5*c + 2*n. Suppose 0*j - 4*x = -5*j + 43, -3*x = -4*j + c. List the prime factors of j.
7
Let g(r) = r + 1. Let l be g(4). Suppose -q + l*x - 12 = 0, -5*q + x = -21 - 39. Suppose -39 + q = -2*f. List the prime factors of f.
13
Let s(g) = -8*g - 1. Let c(v) = 7*v. Let r(o) = 7*c(o) + 6*s(o). Let x be r(8). Suppose -4*w = 4*u - 64, -u - x*u - 5*w + 58 = 0. List the prime factors of u.
11
Let w be -30*1*4/(-6). Let y = -7 + w. List the prime factors of y.
13
What are the prime factors of (-4)/26*-1 + 16760/65?
2, 3, 43
Suppose -3*r - 64 + 187 = 0. List the prime factors of r.
41
Let z = 24 + -12. What are the prime factors of z?
2, 3
Let a(x) = -3*x**2 + x**2 + 0*x + 8*x + x**2. List the prime factors of a(6).
2, 3
Let s(v) = -v**2 - v + 15. Let g be s(0). What are the prime factors of g/9*(3 + 0)?
5
Suppose -4*p + 388 = 5*c - p, 0 = 4*c + 4*p - 312. List the prime factors of c.
7, 11
Let f = 129 - 51. What are the prime factors of f?
2, 3, 13
Suppose 0 = -o - 0*o. Let z = o - -14. What are the prime factors of z?
2, 7
Suppose -3*h - 3*s = -27, 39 = 4*h + 2*s - 7. List the prime factors of h.
2, 7
Let d(h) be the third derivative of 7*h**4/24 + h**3/6 - 9*h**2. Suppose 4*i - 6*i = -5*z - 2, 0 = -i - 4*z + 1. What are the prime factors of d(i)?
2
Let y be 316/6 - (-10)/(-15). Let p = 79 - y. What are the prime factors of p?
3
Suppose 12*j = 13*j - 319. List the prime factors of j.
11, 29
Suppose 2*v - 635 = d, 0 = -v + 4*v - 5*d - 935. What are the prime factors of v?
2, 5
Suppose b + 2*b + 6 = 0. Let p be ((-1)/3*0)/b. What are the prime factors of (1 - p)/((-2)/(-18))?
3
Let q = 0 + 2. Let b = q + 6. What are the prime factors of b?
2
Let x = 44 + 17. List the prime factors of x.
61
Suppose -p - 8 = 2. Let v(h) = -2*h**2 + 3*h. Let f be v(2). What are the prime factors of p/(-4)*(2 - f)?
2, 5
Suppose 2